r when x is divided by 6.
5
Suppose 0 = 12*o + 1775 - 659. Let u = -66 - o. Calculate the remainder when u is divided by 15.
12
Let m = 1005 - 684. Calculate the remainder when m is divided by 18.
15
Calculate the remainder when 7*9/(45/10) is divided by 4.
2
Let o(l) = -2*l**3 + 10*l - 1. Let p(j) = -2*j + 17. Let v be p(10). Calculate the remainder when 40 is divided by o(v).
17
Let j = 58 - -20. Let q = j - 47. Calculate the remainder when q is divided by 8.
7
Let p(z) be the first derivative of 2*z**2 - 20*z + 7. Calculate the remainder when 156 is divided by p(13).
28
Let y = 9 + -10. What is the remainder when 30 is divided by y + 2/1 + 10?
8
Let y be 15 - ((-4 - -1) + 1). Let n = -29 + y. What is the remainder when 25 is divided by ((-56)/n)/(2/6)?
11
Suppose -5*s + 91 = 4*v - 37, -v + s = -32. Let q = 39 - 32. Calculate the remainder when v is divided by q.
4
Let b(l) = l**2 - 7*l + 6. Let p be b(6). Suppose -2*x + 3*t + 104 = 3*x, -89 = -5*x - 2*t. Calculate the remainder when -3 + (38 - (p - 1)) is divided by x.
17
Suppose -13*x = -x + 1620. Let v = x + 174. What is the remainder when v is divided by 21?
18
Suppose 10 = y - 0*y. Suppose 4*d + d = -2*r - 11, 5*r - 4*d = -11. Calculate the remainder when y is divided by ((-7)/(-3))/(r/(-9)).
3
Suppose 7 - 3 = -j. What is the remainder when (j + 92/(-8))*-6 is divided by 24?
21
Let g = 397 - 361. Calculate the remainder when g is divided by 8.
4
Let g(s) = -s + 1. Let d(h) = 31*h - 1. Let k(b) = -d(b) + g(b). Calculate the remainder when 67 is divided by k(-1).
33
Let k(t) = t**3 + 6*t**2 - 2*t - 10. Let j be k(-6). Suppose 5*f = -y + 75, 1 + j = -f. What is the remainder when y is divided by 31?
28
Let j = -81 - -36. Let m = 59 + j. Calculate the remainder when m is divided by 4.
2
Let j be 374/(-18) - (-2)/(-9). Suppose -8 = n + n, 5*y - 203 = 2*n. Calculate the remainder when y is divided by j/105 - 51/(-5).
9
Suppose 16*h = 10*h + 192. Calculate the remainder when 156 is divided by h.
28
Calculate the remainder when 22 is divided by 4 - (-5 + (2 - -7) - 16).
6
Let c be 2/(-4)*2*-3. Suppose -3 = -c*u + 3. Let w = 20 - u. Calculate the remainder when w is divided by 5.
3
Let r(f) be the second derivative of f**3/6 + 3*f**2 - f. Let n(c) = 2*c**3 + 13*c**2 + 6*c + 6. Calculate the remainder when n(-6) is divided by r(-4).
0
Suppose 2*t + 2 - 4 = 0. What is the remainder when 96 is divided by -25*1*t*(-3 + 2)?
21
Let z = -10 - -16. Let w = -38 + 58. Calculate the remainder when w is divided by z.
2
Calculate the remainder when 976 - ((-24)/12 - 8) is divided by 62.
56
Suppose 2*p + 2*x = 120, 3*p - 4*x = -9*x + 172. What is the remainder when 315 is divided by p?
59
Let p(s) = 4*s**2 - 5*s - 31. Let i(a) = 3*a**2 - 5*a - 30. Let n(o) = -6*i(o) + 5*p(o). Calculate the remainder when n(6) is divided by 32.
31
Suppose 364 + 1344 = 61*x. What is the remainder when 111 is divided by x?
27
Let w(z) = 4 - 2 - 11*z - 3 + 15*z. Calculate the remainder when 18 is divided by w(2).
4
Suppose -5*t + 23*t = 4032. Calculate the remainder when t is divided by 19.
15
Let h = -2 - -4. Let c be 2 + (1 - (4 + 0)). What is the remainder when 42 is divided by (-4)/(c*h/11)?
20
Let f = 2 - -1. Let q be -1 + f + (-3)/(-1). Suppose -q*s + 0*s = 4*t - 11, 0 = -3*t + 5*s + 17. Calculate the remainder when 13 is divided by t.
1
Suppose 5*l + 3 = -4*f + 35, 21 = f - 2*l. Suppose -2*a + 3*a = f. What is the remainder when 49 is divided by a?
10
Suppose -y + 5*y + 4 = 0, 4*d - y - 9 = 0. Suppose -d*t + 12 = t. Let n = -490 + 501. Calculate the remainder when n is divided by t.
3
Calculate the remainder when 320 + -291 - (-1)/((-2)/(-6)) is divided by (11/2)/((-1)/(-2)).
10
Let t = 41 - 23. Suppose -q = -11*q + 280. What is the remainder when q is divided by t?
10
Calculate the remainder when 1000/(-60)*(-9)/5 is divided by 12.
6
Let n(c) = c**3 + 5*c**2 + 2*c - 4. Let m be n(-4). Suppose 0 = -z - 8 - m. Let d = 22 + z. What is the remainder when d is divided by 3?
1
Let x = -63 - -92. Let h(g) be the second derivative of -g**5/20 + g**4/6 - 5*g**3/6 - 2*g**2 - 7*g. What is the remainder when h(-3) is divided by x?
27
Let l be -2 + (-4)/(-4)*0. Let x be -1 - (2 + l - -146). Let o = -76 - x. Calculate the remainder when o is divided by 18.
17
Let k = -574 + 599. Let f = -112 - -211. Calculate the remainder when f is divided by k.
24
Let i(p) = p**3 + p**2 + p + 44. Let a(b) = b**3 + 14*b**2 + 18*b + 100. Calculate the remainder when a(-12) is divided by i(0).
40
Let u = -852 + 886. Calculate the remainder when 299 is divided by u.
27
Suppose 12*p = 19 + 569. What is the remainder when 538 is divided by p?
48
Let c(f) = 15*f - 13. Calculate the remainder when c(25) is divided by 61.
57
Suppose 4*o + 2*r - 21 = 25, -3*r = 5*o - 60. Calculate the remainder when 10 is divided by o.
1
Let d = -36 + 70. Suppose -39*i + 931 = -32*i. Calculate the remainder when i is divided by d.
31
Let s(p) = 14*p + 1. What is the remainder when -8 + (1 - (-15)/(-2))/((-12)/120) is divided by s(1)?
12
Suppose -5*k - 5436 = -5*d - 526, 5*k - 2954 = -3*d. Calculate the remainder when d is divided by 17.
14
Let w = 279 + -250. Calculate the remainder when 101 is divided by w.
14
Suppose 0 = c - 2*d - 85, c - 2*d + 425 = 6*c. Calculate the remainder when 254 is divided by c.
84
Let k(g) = -g**3 + g**2 + 27*g - 25. Let t = -4 + 8. What is the remainder when k(5) is divided by t?
2
Let n(s) = s - 10. Let i be n(9). Calculate the remainder when 9 is divided by (-4 - -4 - i) + 2.
0
Let t(f) be the first derivative of -f**3/3 + 7*f**2/2 - 4*f + 4. Let h be t(6). Suppose -z - h*z = -210. What is the remainder when z is divided by 24?
22
Let c = -55 + 57. Suppose 32 = 4*a - 3*m, -c*a - 3*a = 5*m - 75. Calculate the remainder when 32 is divided by a.
10
Let u be (-148)/(-18) - 3/81*6. Let v(k) = -4*k**2 + 34*k - 4. Calculate the remainder when 34 is divided by v(u).
10
Let q = -7 + 5. Let z = q + 5. Suppose 38 = -z*h + 209. Calculate the remainder when h is divided by 12.
9
Suppose 0 = 2*u - 3*g - 188, 2*g - 216 = -5*u + 216. Suppose -f + u = 3*f. What is the remainder when 37 is divided by f?
15
Let d = 6 - -5. Suppose 3*n + q = 59, -207*n + 5*q = -202*n - 125. Calculate the remainder when n is divided by d.
10
Let z(q) = q**3 - 5*q**2 + 10*q - 20. Calculate the remainder when z(6) is divided by 23.
7
Let n(h) = h**2 + 6*h + 10. Suppose 0 = -0*y + y - 7. Let b be (-51)/5 + y/35. Calculate the remainder when n(b) is divided by 13.
11
Let h(k) = -2*k**2 - k - 22. Let w be h(-5). Let b = w + 83. What is the remainder when b is divided by 7?
2
Suppose -136 = -4*t - 0*t. Let w = 313 - 295. What is the remainder when t is divided by w?
16
Let g = 451 - 295. What is the remainder when g is divided by 40?
36
What is the remainder when (18/15)/(-2 - (-1218)/600) is divided by 29?
11
Let x = 88 + -66. Suppose 3*m = -2*b - 11, -2*b - 4*m - 9 = m. Let i = 19 + b. Calculate the remainder when x is divided by i.
10
Calculate the remainder when 93 is divided by 2 + (-358)/(-8) + (-2)/(-8).
46
Let v = -350 + 180. What is the remainder when 7 is divided by v/(-40) + 2/(-8)?
3
Suppose 10*g - 5880 = -2*g. What is the remainder when -5*(2/7 - 15428/g) is divided by 20?
16
Let g = 580 - 431. Calculate the remainder when g is divided by 50.
49
Let i(g) be the second derivative of g**5/20 + g**4/4 - g**3/3 - 15*g. Calculate the remainder when 39 is divided by i(-2).
7
Let f = 8 - -1. Suppose h = -5*o + 35, -4*h = 2*o - h - 27. Suppose -k = -2*k + o. What is the remainder when f is divided by k?
3
Suppose -85 - 149 = -5*c + 4*o, 3*o + 138 = 3*c. What is the remainder when 349 is divided by c?
49
Suppose -1054 + 382 = -16*t. What is the remainder when 335 is divided by t?
41
Let j = 304 - 275. What is the remainder when 114 is divided by j?
27
Let q(b) = b**2 - 3 + 0*b**3 - b**3 - b + 0*b**2. Let o be q(0). What is the remainder when 47 is divided by 17 - ((0 - o) + -2)?
15
Suppose s = 0, -4*s - 9 = 2*l - 3. Let o(m) = -2*m**3 - 4*m**2 + 2*m + 4. Calculate the remainder when 63 is divided by o(l).
15
Suppose -3*r - y - 67 = 0, -r + 2*y - 31 = -4. Let v = -23 - r. Suppose -3*u - 2*o + 84 = v, -u - 5*o + 16 = 1. What is the remainder when u is divided by 11?
8
Suppose -3*t 